{"id":147,"date":"2020-03-02T11:42:40","date_gmt":"2020-03-02T11:42:40","guid":{"rendered":"https:\/\/pasticerilika.com\/?page_id=147"},"modified":"2020-03-02T11:42:40","modified_gmt":"2020-03-02T11:42:40","slug":"paketim-nje-nga-nje","status":"publish","type":"page","link":"https:\/\/pasticerilika.com\/index.php\/paketim-nje-nga-nje\/","title":{"rendered":"Paketim nj\u00eb nga nj\u00eb"},"content":{"rendered":"<div class=\"wpb-content-wrapper\"><p>[vc_row][vc_column]<div class=\"woocommerce columns-4 \"><div class=\"wf-container dt-products  woo-hover products loading-effect-fade-in description-on-hover cart-btn-on-img wc-img-hover hide-description\" data-padding=\"0px\" data-cur-page=\"1\" data-desktop-columns-num=\"4\" data-v-tablet-columns-num=\"2\" data-h-tablet-columns-num=\"3\" data-phone-columns-num=\"1\">\n\n<article class=\"post visible description-off product type-product post-125 status-publish first instock product_cat-amareta product_cat-amareta-te-paketuara-nje-nga-nje has-post-thumbnail shipping-taxable product-type-simple\">\n\n\t<figure class=\"woocom-project\">\n\t<div class=\"woo-buttons-on-img\">\n\n\t\t<a href=\"https:\/\/pasticerilika.com\/index.php\/product\/amaret-e-paketuar-me-bajame-pam5\/\" class=\"alignnone layzr-bg\"><img loading=\"lazy\" decoding=\"async\" width=\"300\" height=\"300\" src=\"data:image\/svg+xml;charset=utf-8,%3Csvg xmlns%3D&#039;http%3A%2F%2Fwww.w3.org%2F2000%2Fsvg&#039; viewBox%3D&#039;0 0 300 300&#039;%2F%3E\" class=\"attachment-woocommerce_thumbnail size-woocommerce_thumbnail lazy-load preload-me\" alt=\"Amaret e paketuar me bajame Pam5\" data-src=\"https:\/\/pasticerilika.com\/wp-content\/uploads\/2020\/03\/1-14-300x300.jpg\" data-srcset=\"https:\/\/pasticerilika.com\/wp-content\/uploads\/2020\/03\/1-14-300x300.jpg 300w, https:\/\/pasticerilika.com\/wp-content\/uploads\/2020\/03\/1-14-200x200.jpg 200w, https:\/\/pasticerilika.com\/wp-content\/uploads\/2020\/03\/1-14-600x600.jpg 600w, https:\/\/pasticerilika.com\/wp-content\/uploads\/2020\/03\/1-14-150x150.jpg 150w, https:\/\/pasticerilika.com\/wp-content\/uploads\/2020\/03\/1-14-768x768.jpg 768w, https:\/\/pasticerilika.com\/wp-content\/uploads\/2020\/03\/1-14.jpg 800w\" \/><img loading=\"lazy\" decoding=\"async\" width=\"300\" height=\"300\" src=\"data:image\/svg+xml;charset=utf-8,%3Csvg xmlns%3D&#039;http%3A%2F%2Fwww.w3.org%2F2000%2Fsvg&#039; viewBox%3D&#039;0 0 300 300&#039;%2F%3E\" class=\"show-on-hover back-image lazy-load preload-me\" alt=\"\" data-src=\"https:\/\/pasticerilika.com\/wp-content\/uploads\/2020\/03\/Pasticeri-Lika-amareta-bajame-1-300x300.jpg\" data-srcset=\"https:\/\/pasticerilika.com\/wp-content\/uploads\/2020\/03\/Pasticeri-Lika-amareta-bajame-1-300x300.jpg 300w, https:\/\/pasticerilika.com\/wp-content\/uploads\/2020\/03\/Pasticeri-Lika-amareta-bajame-1-200x200.jpg 200w, https:\/\/pasticerilika.com\/wp-content\/uploads\/2020\/03\/Pasticeri-Lika-amareta-bajame-1-150x150.jpg 150w\" \/><\/a>\n\t<\/div>\n\t<figcaption class=\"woocom-list-content\">\n\n\t\t<div class=\"woocommerce-product-details__short-description\">\n\t<p><span style=\"color: #333333;\">Amaret\u00eb e paketuar nje nga nje e shkrifet dhe me bajame te fresketa<\/span><\/p>\n<\/div>\n\n\t<\/figcaption>\n<\/figure>\n\n<\/article>\n\n\n\n<article class=\"post visible description-off product type-product post-131 status-publish instock product_cat-amareta product_cat-amareta-te-paketuara-nje-nga-nje has-post-thumbnail shipping-taxable product-type-simple\">\n\n\t<figure class=\"woocom-project\">\n\t<div class=\"woo-buttons-on-img\">\n\n\t\t<a href=\"https:\/\/pasticerilika.com\/index.php\/product\/amaret-e-paketuar-me-kokos-pam2\/\" class=\"alignnone layzr-bg\"><img loading=\"lazy\" decoding=\"async\" width=\"300\" height=\"300\" src=\"data:image\/svg+xml;charset=utf-8,%3Csvg xmlns%3D&#039;http%3A%2F%2Fwww.w3.org%2F2000%2Fsvg&#039; viewBox%3D&#039;0 0 300 300&#039;%2F%3E\" class=\"attachment-woocommerce_thumbnail size-woocommerce_thumbnail lazy-load preload-me\" alt=\"Amaret e paketuar me kokos Pam2\" data-src=\"https:\/\/pasticerilika.com\/wp-content\/uploads\/2020\/03\/2-15-300x300.jpg\" data-srcset=\"https:\/\/pasticerilika.com\/wp-content\/uploads\/2020\/03\/2-15-300x300.jpg 300w, https:\/\/pasticerilika.com\/wp-content\/uploads\/2020\/03\/2-15-200x200.jpg 200w, https:\/\/pasticerilika.com\/wp-content\/uploads\/2020\/03\/2-15-600x600.jpg 600w, https:\/\/pasticerilika.com\/wp-content\/uploads\/2020\/03\/2-15-150x150.jpg 150w, https:\/\/pasticerilika.com\/wp-content\/uploads\/2020\/03\/2-15-768x768.jpg 768w, https:\/\/pasticerilika.com\/wp-content\/uploads\/2020\/03\/2-15.jpg 800w\" \/><img loading=\"lazy\" decoding=\"async\" width=\"300\" height=\"300\" src=\"data:image\/svg+xml;charset=utf-8,%3Csvg xmlns%3D&#039;http%3A%2F%2Fwww.w3.org%2F2000%2Fsvg&#039; viewBox%3D&#039;0 0 300 300&#039;%2F%3E\" class=\"show-on-hover back-image lazy-load preload-me\" alt=\"\" data-src=\"https:\/\/pasticerilika.com\/wp-content\/uploads\/2020\/03\/Pasticeri-Lika-amareta-me-kokos-300x300.jpg\" data-srcset=\"https:\/\/pasticerilika.com\/wp-content\/uploads\/2020\/03\/Pasticeri-Lika-amareta-me-kokos-300x300.jpg 300w, https:\/\/pasticerilika.com\/wp-content\/uploads\/2020\/03\/Pasticeri-Lika-amareta-me-kokos-200x200.jpg 200w, https:\/\/pasticerilika.com\/wp-content\/uploads\/2020\/03\/Pasticeri-Lika-amareta-me-kokos-150x150.jpg 150w\" \/><\/a>\n\t<\/div>\n\t<figcaption class=\"woocom-list-content\">\n\n\t\t<div class=\"woocommerce-product-details__short-description\">\n\t<p><span style=\"color: #333333;\">Amaret\u00eb e paketuar nje nga nje e bute me kokos dhe qershi.<\/span><\/p>\n<\/div>\n\n\t<\/figcaption>\n<\/figure>\n\n<\/article>\n\n\n\n<article class=\"post visible description-off product type-product post-128 status-publish instock product_cat-amareta product_cat-amareta-te-paketuara-nje-nga-nje has-post-thumbnail shipping-taxable product-type-simple\">\n\n\t<figure class=\"woocom-project\">\n\t<div class=\"woo-buttons-on-img\">\n\n\t\t<a href=\"https:\/\/pasticerilika.com\/index.php\/product\/amaret-e-paketuar-me-mjalt-pam5\/\" class=\"alignnone layzr-bg\"><img loading=\"lazy\" decoding=\"async\" width=\"300\" height=\"300\" src=\"data:image\/svg+xml;charset=utf-8,%3Csvg xmlns%3D&#039;http%3A%2F%2Fwww.w3.org%2F2000%2Fsvg&#039; viewBox%3D&#039;0 0 300 300&#039;%2F%3E\" class=\"attachment-woocommerce_thumbnail size-woocommerce_thumbnail lazy-load preload-me\" alt=\"Amaret e paketuar me mjalt Pam5\" data-src=\"https:\/\/pasticerilika.com\/wp-content\/uploads\/2020\/03\/1-15-300x300.jpg\" data-srcset=\"https:\/\/pasticerilika.com\/wp-content\/uploads\/2020\/03\/1-15-300x300.jpg 300w, https:\/\/pasticerilika.com\/wp-content\/uploads\/2020\/03\/1-15-200x200.jpg 200w, https:\/\/pasticerilika.com\/wp-content\/uploads\/2020\/03\/1-15-600x600.jpg 600w, https:\/\/pasticerilika.com\/wp-content\/uploads\/2020\/03\/1-15-150x150.jpg 150w, https:\/\/pasticerilika.com\/wp-content\/uploads\/2020\/03\/1-15-768x768.jpg 768w, https:\/\/pasticerilika.com\/wp-content\/uploads\/2020\/03\/1-15.jpg 800w\" \/><img loading=\"lazy\" decoding=\"async\" width=\"300\" height=\"300\" src=\"data:image\/svg+xml;charset=utf-8,%3Csvg xmlns%3D&#039;http%3A%2F%2Fwww.w3.org%2F2000%2Fsvg&#039; viewBox%3D&#039;0 0 300 300&#039;%2F%3E\" class=\"show-on-hover back-image lazy-load preload-me\" alt=\"\" data-src=\"https:\/\/pasticerilika.com\/wp-content\/uploads\/2020\/03\/Pasticeri-Lika-amareta-mjalte-300x300.jpg\" data-srcset=\"https:\/\/pasticerilika.com\/wp-content\/uploads\/2020\/03\/Pasticeri-Lika-amareta-mjalte-300x300.jpg 300w, https:\/\/pasticerilika.com\/wp-content\/uploads\/2020\/03\/Pasticeri-Lika-amareta-mjalte-200x200.jpg 200w, https:\/\/pasticerilika.com\/wp-content\/uploads\/2020\/03\/Pasticeri-Lika-amareta-mjalte-150x150.jpg 150w\" \/><\/a>\n\t<\/div>\n\t<figcaption class=\"woocom-list-content\">\n\n\t\t<div class=\"woocommerce-product-details__short-description\">\n\t<p><span style=\"color: #333333;\">Amaret\u00eb e paketuar nje nga nje e shkrifet me mjalt<\/span><\/p>\n<\/div>\n\n\t<\/figcaption>\n<\/figure>\n\n<\/article>\n\n\n\n<article class=\"post visible description-off product type-product post-122 status-publish last instock product_cat-amareta product_cat-amareta-te-paketuara-nje-nga-nje has-post-thumbnail shipping-taxable product-type-simple\">\n\n\t<figure class=\"woocom-project\">\n\t<div class=\"woo-buttons-on-img\">\n\n\t\t<a href=\"https:\/\/pasticerilika.com\/index.php\/product\/amaret-kornflex-cokollate-pam5\/\" class=\"alignnone layzr-bg\"><img loading=\"lazy\" decoding=\"async\" width=\"300\" height=\"300\" src=\"data:image\/svg+xml;charset=utf-8,%3Csvg xmlns%3D&#039;http%3A%2F%2Fwww.w3.org%2F2000%2Fsvg&#039; viewBox%3D&#039;0 0 300 300&#039;%2F%3E\" class=\"attachment-woocommerce_thumbnail size-woocommerce_thumbnail lazy-load preload-me\" alt=\"Amaret kornflex cokollate Pam5\" data-src=\"https:\/\/pasticerilika.com\/wp-content\/uploads\/2020\/03\/1-13-300x300.jpg\" data-srcset=\"https:\/\/pasticerilika.com\/wp-content\/uploads\/2020\/03\/1-13-300x300.jpg 300w, https:\/\/pasticerilika.com\/wp-content\/uploads\/2020\/03\/1-13-200x200.jpg 200w, https:\/\/pasticerilika.com\/wp-content\/uploads\/2020\/03\/1-13-600x600.jpg 600w, https:\/\/pasticerilika.com\/wp-content\/uploads\/2020\/03\/1-13-150x150.jpg 150w, https:\/\/pasticerilika.com\/wp-content\/uploads\/2020\/03\/1-13-768x768.jpg 768w, https:\/\/pasticerilika.com\/wp-content\/uploads\/2020\/03\/1-13.jpg 800w\" \/><img loading=\"lazy\" decoding=\"async\" width=\"300\" height=\"300\" src=\"data:image\/svg+xml;charset=utf-8,%3Csvg xmlns%3D&#039;http%3A%2F%2Fwww.w3.org%2F2000%2Fsvg&#039; viewBox%3D&#039;0 0 300 300&#039;%2F%3E\" class=\"show-on-hover back-image lazy-load preload-me\" alt=\"\" data-src=\"https:\/\/pasticerilika.com\/wp-content\/uploads\/2020\/03\/DSC_1859-300x300.jpg\" data-srcset=\"https:\/\/pasticerilika.com\/wp-content\/uploads\/2020\/03\/DSC_1859-300x300.jpg 300w, https:\/\/pasticerilika.com\/wp-content\/uploads\/2020\/03\/DSC_1859-200x200.jpg 200w, https:\/\/pasticerilika.com\/wp-content\/uploads\/2020\/03\/DSC_1859-150x150.jpg 150w\" \/><\/a>\n\t<\/div>\n\t<figcaption class=\"woocom-list-content\">\n\n\t\t<div class=\"woocommerce-product-details__short-description\">\n\t<p><span style=\"color: #333333;\">Amaret\u00eb e paketuar nj\u00eb nga nj\u00eb e shkrif\u00ebt me kornflex cokollate.<\/span><\/p>\n<\/div>\n\n\t<\/figcaption>\n<\/figure>\n\n<\/article>\n\n\n\n<article class=\"post visible description-off product type-product post-134 status-publish first instock product_cat-amareta product_cat-amareta-te-paketuara-nje-nga-nje has-post-thumbnail shipping-taxable product-type-simple\">\n\n\t<figure class=\"woocom-project\">\n\t<div class=\"woo-buttons-on-img\">\n\n\t\t<a href=\"https:\/\/pasticerilika.com\/index.php\/product\/kukis-arre-e-paketuar-pam6\/\" class=\"alignnone layzr-bg\"><img loading=\"lazy\" decoding=\"async\" width=\"300\" height=\"300\" src=\"data:image\/svg+xml;charset=utf-8,%3Csvg xmlns%3D&#039;http%3A%2F%2Fwww.w3.org%2F2000%2Fsvg&#039; viewBox%3D&#039;0 0 300 300&#039;%2F%3E\" class=\"attachment-woocommerce_thumbnail size-woocommerce_thumbnail lazy-load preload-me\" alt=\"Amareta me tekst\/logo te personalizueshme\" data-src=\"https:\/\/pasticerilika.com\/wp-content\/uploads\/2020\/03\/Pasticeri-Lika-amareta-1-300x300.jpg\" data-srcset=\"https:\/\/pasticerilika.com\/wp-content\/uploads\/2020\/03\/Pasticeri-Lika-amareta-1-300x300.jpg 300w, https:\/\/pasticerilika.com\/wp-content\/uploads\/2020\/03\/Pasticeri-Lika-amareta-1-200x200.jpg 200w, https:\/\/pasticerilika.com\/wp-content\/uploads\/2020\/03\/Pasticeri-Lika-amareta-1-600x600.jpg 600w, https:\/\/pasticerilika.com\/wp-content\/uploads\/2020\/03\/Pasticeri-Lika-amareta-1-1024x1024.jpg 1024w, https:\/\/pasticerilika.com\/wp-content\/uploads\/2020\/03\/Pasticeri-Lika-amareta-1-150x150.jpg 150w, https:\/\/pasticerilika.com\/wp-content\/uploads\/2020\/03\/Pasticeri-Lika-amareta-1-768x768.jpg 768w, https:\/\/pasticerilika.com\/wp-content\/uploads\/2020\/03\/Pasticeri-Lika-amareta-1.jpg 1080w\" \/><img loading=\"lazy\" decoding=\"async\" width=\"300\" height=\"300\" src=\"data:image\/svg+xml;charset=utf-8,%3Csvg xmlns%3D&#039;http%3A%2F%2Fwww.w3.org%2F2000%2Fsvg&#039; viewBox%3D&#039;0 0 300 300&#039;%2F%3E\" class=\"show-on-hover back-image lazy-load preload-me\" alt=\"\" data-src=\"https:\/\/pasticerilika.com\/wp-content\/uploads\/2020\/03\/Pasticeri-Lika-amareta-me-logo-300x300.jpg\" data-srcset=\"https:\/\/pasticerilika.com\/wp-content\/uploads\/2020\/03\/Pasticeri-Lika-amareta-me-logo-300x300.jpg 300w, https:\/\/pasticerilika.com\/wp-content\/uploads\/2020\/03\/Pasticeri-Lika-amareta-me-logo-200x200.jpg 200w, https:\/\/pasticerilika.com\/wp-content\/uploads\/2020\/03\/Pasticeri-Lika-amareta-me-logo-150x150.jpg 150w\" \/><\/a>\n\t<\/div>\n\t<figcaption class=\"woocom-list-content\">\n\n\t\t<div class=\"woocommerce-product-details__short-description\">\n\t<p><span style=\"color: #333333;\">Amaret\u00eb e paketuar nje nga nje me arre.<\/span><\/p>\n<\/div>\n\n\t<\/figcaption>\n<\/figure>\n\n<\/article>\n\n<\/div><\/div>[\/vc_column][\/vc_row]<\/p>\n<\/div>","protected":false},"excerpt":{"rendered":"<p>[vc_row][vc_column][\/vc_column][\/vc_row]<\/p>\n","protected":false},"author":1,"featured_media":0,"parent":0,"menu_order":0,"comment_status":"closed","ping_status":"closed","template":"","meta":{"footnotes":""},"class_list":["post-147","page","type-page","status-publish","hentry","description-off"],"_links":{"self":[{"href":"https:\/\/pasticerilika.com\/index.php\/wp-json\/wp\/v2\/pages\/147","targetHints":{"allow":["GET"]}}],"collection":[{"href":"https:\/\/pasticerilika.com\/index.php\/wp-json\/wp\/v2\/pages"}],"about":[{"href":"https:\/\/pasticerilika.com\/index.php\/wp-json\/wp\/v2\/types\/page"}],"author":[{"embeddable":true,"href":"https:\/\/pasticerilika.com\/index.php\/wp-json\/wp\/v2\/users\/1"}],"replies":[{"embeddable":true,"href":"https:\/\/pasticerilika.com\/index.php\/wp-json\/wp\/v2\/comments?post=147"}],"version-history":[{"count":1,"href":"https:\/\/pasticerilika.com\/index.php\/wp-json\/wp\/v2\/pages\/147\/revisions"}],"predecessor-version":[{"id":148,"href":"https:\/\/pasticerilika.com\/index.php\/wp-json\/wp\/v2\/pages\/147\/revisions\/148"}],"wp:attachment":[{"href":"https:\/\/pasticerilika.com\/index.php\/wp-json\/wp\/v2\/media?parent=147"}],"curies":[{"name":"wp","href":"https:\/\/api.w.org\/{rel}","templated":true}]}}